 by 68.
5
Calculate the remainder when 366 is divided by 191.
175
Calculate the remainder when 71 is divided by 55.
16
Calculate the remainder when 14451 is divided by 18.
15
What is the remainder when 186 is divided by 17?
16
Calculate the remainder when 646 is divided by 140.
86
What is the remainder when 55 is divided by 31?
24
Calculate the remainder when 592 is divided by 319.
273
Calculate the remainder when 975 is divided by 71.
52
What is the remainder when 689 is divided by 30?
29
Calculate the remainder when 1710 is divided by 29.
28
What is the remainder when 616 is divided by 20?
16
What is the remainder when 813 is divided by 102?
99
Calculate the remainder when 235 is divided by 114.
7
What is the remainder when 537 is divided by 11?
9
Calculate the remainder when 989 is divided by 24.
5
Calculate the remainder when 102 is divided by 15.
12
Calculate the remainder when 265 is divided by 5.
0
What is the remainder when 499 is divided by 56?
51
Calculate the remainder when 320 is divided by 74.
24
What is the remainder when 6047 is divided by 34?
29
What is the remainder when 17465 is divided by 44?
41
What is the remainder when 774 is divided by 87?
78
Calculate the remainder when 613 is divided by 151.
9
Calculate the remainder when 14 is divided by 3.
2
What is the remainder when 374 is divided by 6?
2
Calculate the remainder when 558 is divided by 43.
42
What is the remainder when 3653 is divided by 118?
113
What is the remainder when 242 is divided by 33?
11
What is the remainder when 11055 is divided by 97?
94
What is the remainder when 97 is divided by 21?
13
What is the remainder when 16 is divided by 8?
0
Calculate the remainder when 540 is divided by 68.
64
Calculate the remainder when 6261 is divided by 87.
84
Calculate the remainder when 82 is divided by 6.
4
Calculate the remainder when 217 is divided by 32.
25
Calculate the remainder when 395 is divided by 19.
15
Calculate the remainder when 550 is divided by 24.
22
What is the remainder when 10694 is divided by 214?
208
Calculate the remainder when 18012 is divided by 32.
28
What is the remainder when 377 is divided by 24?
17
Calculate the remainder when 74 is divided by 10.
4
What is the remainder when 57 is divided by 16?
9
Calculate the remainder when 720 is divided by 206.
102
What is the remainder when 283 is divided by 97?
89
What is the remainder when 346 is divided by 113?
7
What is the remainder when 365 is divided by 72?
5
What is the remainder when 4231 is divided by 46?
45
What is the remainder when 160 is divided by 61?
38
Calculate the remainder when 2017 is divided by 135.
127
Calculate the remainder when 78 is divided by 3.
0
What is the remainder when 718 is divided by 48?
46
Calculate the remainder when 683 is divided by 57.
56
Calculate the remainder when 1229 is divided by 40.
29
Calculate the remainder when 1046 is divided by 517.
12
Calculate the remainder when 106 is divided by 29.
19
Calculate the remainder when 337 is divided by 58.
47
Calculate the remainder when 44 is divided by 27.
17
What is the remainder when 602 is divided by 4?
2
What is the remainder when 985 is divided by 140?
5
What is the remainder when 84 is divided by 77?
7
Calculate the remainder when 903 is divided by 87.
33
Calculate the remainder when 135 is divided by 41.
12
Calculate the remainder when 795 is divided by 2.
1
Calculate the remainder when 30 is divided by 3.
0
What is the remainder when 89 is divided by 51?
38
What is the remainder when 6 is divided by 4?
2
Calculate the remainder when 3338 is divided by 53.
52
What is the remainder when 148 is divided by 6?
4
What is the remainder when 294 is divided by 77?
63
What is the remainder when 1107 is divided by 364?
15
Calculate the remainder when 209 is divided by 35.
34
What is the remainder when 6954 is divided by 14?
10
Calculate the remainder when 7654 is divided by 182.
10
What is the remainder when 588 is divided by 137?
40
Calculate the remainder when 65 is divided by 20.
5
What is the remainder when 1402 is divided by 9?
7
What is the remainder when 316 is divided by 58?
26
Calculate the remainder when 85 is divided by 14.
1
What is the remainder when 77 is divided by 28?
21
What is the remainder when 1053 is divided by 104?
13
Calculate the remainder when 1378 is divided by 1375.
3
What is the remainder when 110 is divided by 68?
42
Calculate the remainder when 986 is divided by 324.
14
Calculate the remainder when 18 is divided by 9.
0
What is the remainder when 207 is divided by 29?
4
What is the remainder when 863 is divided by 27?
26
What is the remainder when 214 is divided by 4?
2
What is the remainder when 554 is divided by 11?
4
Calculate the remainder when 72 is divided by 25.
22
Calculate the remainder when 4128 is divided by 27.
24
Calculate the remainder when 1844 is divided by 102.
8
Calculate the remainder when 328 is divided by 10.
8
Calculate the remainder when 84 is divided by 25.
9
What is the remainder when 188 is divided by 27?
26
Calculate the remainder when 4947 is divided by 177.
168
Calculate the remainder when 75 is divided by 11.
9
What is the remainder when 30 is divided by 18?
12
What is the remainder when 465 is divided by 105?
45
Calculate the remainder when 2136 is divided by 16.
8
Calculate the remainder when 278 is divided by 10.
8
What is the remainder when 1017 is divided by 983?
34
What is the remainder when 75 is divided by 6?
3
What is the remainder when 895 is divided by 348?
199
What is the remainder when 712 is divided by 235?
7
Calculate the remainder when 4354 is divided by 36.
34
What is the remainder when 6430 is divided by 8?
6
Calculate the remainder when 1489 is divided by 55.
4
Calculate the remainder when 138 is divided by 4.
2
What is the remainder when 1868 is divided by 23?
5
What is the remainder when 68 is divided by 6?
2
What is the remainder when 596 is divided by 68?
52
Calculate the remainder when 55 is divided by 10.
5
What is the remainder when 62 is divided by 32?
30
Calculate the remainder when 1588 is divided by 145.
138
Calculate the remainder when 3778 is divided by 270.
268
What is the remainder when 712 is divided by 59?
4
Calculate the remainder when 1104 is divided by 112.
96
Calculate the remainder when 364 is divided by 121.
1
What is the remainder when 486 is divided by 23?
3
What is the remainder when 274 is divided by 10?
4
Calculate the remainder when 10655 is divided by 37.
36
What is the remainder when 633 is divided by 179?
96
What is the remainder when 75 is divided by 59?
16
Calculate the remainder when 1000 is divided by 305.
85
Calculate the remainder when 28438 is divided by 15.
13
What is the remainder when 94 is divided by 19?
18
Calculate the remainder when 2682 is divided by 32.
26
Calculate the remainder when 34 is divided by 26.
8
What is the remainder when 187 is divided by 75?
37
What is the remainder when 242 is divided by 73?
23
Calculate the remainder when 1547 is divided by 19.
8
What is the remainder when 25 is divided by 15?
10
What is the remainder when 217 is divided by 14?
7
Calculate the remainder when 183 is divided by 47.
42
What is the remainder when 97 is divided by 19?
2
What is the remainder when 1670 is divided by 533?
71
Calculate the remainder when 692 is divided by 100.
92
What is the remainder when 185 is divided by 27?
23
Calculate the remainder when 359 is divided by 11.
7
What is the remainder when 245 is divided by 82?
81
Calculate the remainder when 289 is divided by 74.
67
Calculate the remainder when 235 is divided by 24.
19
Calculate the remainder when 1779 is divided by 83.
36
Calculate the remainder when 314 is divided by 90.
44
What is the remainder when 1257 is divided by 208?
9
What is the remainder when 281 is divided by 104?
73
What is the remainder when 3479 is divided by 174?
173
What is the remainder when 1295 is divided by 422?
29
Calculate the remainder when 195 is divided by 28.
27
What is the remainder when 124 is divided by 7?
5
Calculate the remainder when 1318 is divided by 33.
31
Calculate the remainder when 1329 is divided by 340.
309
Calculate the remainder when 91 is divided by 80.
11
What is the remainder when 1826 is divided by 3?
2
What is the remainder whe